)). Give i(p).
-10
Suppose 1 = 28*x - 27*x. Let m(i) = 69*i - 33*i + x - 37*i. What is m(6)?
-5
Let i(x) = 2*x + 12. Let o(w) = 2*w + 10. Let f be (-16)/(-3) - (-28)/42. Let g(z) = f*o(z) - 5*i(z). Let h be (1 + -9)/(-2)*1. Give g(h).
8
Suppose -4*x - 4*o + 44 = 0, 2*x - 7*x + 52 = 4*o. Let h(d) = 10 + x + 13*d - 18. What is h(1)?
13
Let m(g) = g**2 - 10*g - 182. Suppose -78 = -2*n - 5*s, -2767*s + 2764*s = -24. Determine m(n).
-11
Let m(c) = -6*c + 6*c - 4*c + 2*c. Let l(i) = 34*i. Let z(u) = 5*l(u) + 80*m(u). Calculate z(-1).
-10
Let g(c) = -7*c + 7. Let k(i) = 7*i - 9. Suppose 17 = -7*t - 4. Let m(d) = t*g(d) - 2*k(d). Give m(2).
11
Let y(z) = -z - 3. Let i(c) = -c - 1. Let b(n) = n - 1. Let v(u) = -b(u) - 2*i(u). Let w(r) = 4*v(r) + 3*y(r). Give w(-4).
-1
Let x(p) = -3*p**2 + 15*p + 25. Let q(m) = 5*m**2 - 23*m - 37. Let f(i) = 5*q(i) + 8*x(i). What is f(-5)?
15
Let r(m) = m**2 + m + 6. Let j be (-3 - 1120/(-90)) + (-4)/9. Suppose -j*u - 31 - 14 = 0. What is r(u)?
26
Let s be (-3 - -8) + ((-32)/(-24))/(4/(-15)). Let d(o) be the first derivative of o**3/3 - 7*o - 12. Calculate d(s).
-7
Suppose -84 = -7*g - 0*g. Let a = -4 + g. Let m(s) = s**3 - 7*s**2 - 7*s - 1. Give m(a).
7
Let i be 81/(-45)*(-10)/12*(-44)/6. Let c(x) = x**2 + 9*x - 17. Determine c(i).
5
Let b(z) = -569*z + 1166*z - 599*z - 28. Calculate b(-11).
-6
Let g = 195 + -194. Suppose 0 = 5*d + 25, 3*d + g = -4*i + 2*d. Let c(p) = -6*p. Determine c(i).
-6
Let s = 868 + -828. Suppose 4*f - s = 5*d, -2*d = -4*d - 2*f + 2. Let h(j) = -3*j + 2. What is h(d)?
14
Let n be (-86)/258 - ((-1)/3 + -2). Let f(k) be the second derivative of 24*k - 1/6*k**3 - 5/2*k**n + 0. Determine f(-6).
1
Let j(o) be the first derivative of -o**2/2 + 3*o + 543. Let d be (-10)/(-15) + 34/3. Let u = -8 + d. Calculate j(u).
-1
Let o(t) = 7*t - 2. Suppose 29*g = 36*g. Suppose g = 3*h + 6*h - 36. Determine o(h).
26
Let r(v) = 0*v**2 + 0 - 4*v - 3 - v**2. Let i(d) be the second derivative of d**4/6 - 3*d**3 + 12*d**2 + 68*d. Let p be i(2). Give r(p).
-3
Let c be ((-1)/(4 - 5))/(3/(-9)). Let b be (c/(-6))/(3/(-576)). Let j be b/15 - (-4)/10. Let f(m) = -4*m - 9. What is f(j)?
15
Let u(d) be the second derivative of -d**4/12 + 8*d**3/3 + 17*d**2/2 - 3428*d. What is u(21)?
-88
Suppose -21 = 2*k - 5*k. Suppose -3*g - 12 = -k*g. Let m = g + -9. Let t(d) = -d**2 - 8*d - 7. What is t(m)?
5
Let y(w) be the second derivative of 93 + 2*w**2 - 1/20*w**5 + 8/3*w**3 + 5/4*w**4 - w. What is y(16)?
4
Let h(z) = -142*z**2 - 564*z + 4. Let b be h(-4). Let g(v) = v**3 + 8*v**2 - 43*v + 45. Determine g(b).
-15
Let a(x) = 14*x**2 - 2*x + 1. Let n be 1*((-66)/(-14) - (-10)/35). Suppose -2*t = -n*t + 270. Suppose 95 = 5*j + t. Give a(j).
13
Let p = -415 + 411. Let y(a) be the third derivative of 1/120*a**6 - 7*a**2 + 1/3*a**3 + 1/20*a**5 + 0*a + 0 - 1/8*a**4. Give y(p).
-2
Suppose 7 = 8*w + 23. Let n be -1*-3*2/3. Let s(q) = 2*q + 4*q - 2*q - q**n + 3. Give s(w).
-9
Suppose 1722*n = 1729*n + 70. Let g(p) = -6*p - 78. Calculate g(n).
-18
Let x(r) be the third derivative of r**7/2520 - r**6/80 + r**5/20 + r**4/8 + r**3/2 + r**2 + 7*r. Let j(u) be the second derivative of x(u). Determine j(9).
6
Let d(x) be the second derivative of 3*x**2 - 1/3*x**3 + 2*x + 15. Determine d(4).
-2
Let f(v) = 17*v**2 - 5*v + 6. Let g(x) = 13*x**2 - 6*x + 4. Let a(m) = 3*f(m) - 4*g(m). Suppose -12 = -2*j + 8. Give a(j).
-8
Let n(y) = -25*y - 9. Let a(l) = -2*l - 2. Let w(c) = -10*a(c) + 2*n(c). Determine w(-3).
92
Let p(u) = -34*u**2 + 11*u + 4. Let w(y) = 14*y**2 - 5*y - 2. Let v(g) = -2*p(g) - 5*w(g). What is v(-2)?
-12
Let n = -20 - -9. Let m(h) = 5*h + 3. Let k(u) = -24*u - 16. Let f(a) = n*m(a) - 2*k(a). Let j(c) = -c**3 - 25*c**2 + 57*c + 78. Let s be j(-27). Give f(s).
20
Suppose 5*q = -5*t - 0*t + 5, 4*t - 24 = q. Suppose 0*y - 90 = -5*y - 5*p, 0 = -2*y - t*p + 51. Let i(j) = 12*j - 14*j + y*j. Calculate i(1).
11
Suppose 2*t - 2 = -n + 3*t, -5*n = -2*t - 19. Let y = -4 + n. Let o(h) = -24*h. Determine o(y).
-24
Let l = -256 - -263. Let f(n) = 8 - 3 + n - l*n + 2*n. Determine f(2).
-3
Let j(u) be the second derivative of u**5/20 - 7*u**4/12 - 5*u**3/6 - 5*u**2 - 13*u + 7. Calculate j(8).
14
Suppose 4*j - 14 + 6 = 0. Let r(x) = j*x + 98 - 98. Give r(8).
16
Let u(o) = -o**2 + 3*o - 11. Let z be 9 + 9 + 7 + -18. Give u(z).
-39
Let c(v) = -v**3 - 8*v**2 + 7*v + 5. Let w = 4898 + -4905. Give c(w).
-93
Let n = -6 + 3. Let s(l) be the second derivative of -l**5/20 - l**4/6 + 5*l**3/6 + 2*l**2 + 90*l - 4. Give s(n).
-2
Let f(y) = y**2 - 8*y + y - y + 14. Let l be f(6). Let z(c) = 3*c**2 + 5*c - 3. Let u(g) = -7*g**2 - 11*g + 6. Let a(p) = l*u(p) + 5*z(p). Give a(-3).
-3
Let j(y) = -7*y + 2. Suppose 2*n - 22*n = 300. Let d be n/6*(2 + 44/(-10)). Calculate j(d).
-40
Let p(x) = x**2 + 5*x - 14. Let y(q) = 3*q**2 + 14*q - 41. Let l(f) = 17*p(f) - 6*y(f). Let c = 1539 - 1535. Calculate l(c).
-4
Let d(a) be the first derivative of -a**4/2 - 2*a**3/3 - a**2/2 + 2*a + 97. Let l(f) = 7*f**3 + 10*f**2 - 2. Let h(c) = -3*d(c) - l(c). Give h(-5).
6
Suppose 10 - 5 - 61 = 8*q. Let u(a) = -2*a**2 - 9*a + 8. What is u(q)?
-27
Let o(h) = -7*h - 14. Suppose q - 3*t - 15 = 0, -19*q - 20 = -20*q + 4*t. Give o(q).
-14
Let f(v) = -v**2 - 76*v - 1299. Let a be f(-25). Let z(d) = -5*d - 21. What is z(a)?
99
Let l(f) = -13*f - 1224. Let q(s) = 7*s + 487. Let m(y) = 2*l(y) + 5*q(y). Calculate m(4).
23
Let p be 24/(-8) + 138/2. Let d be p/(-9) - 2/(-6). Let i(o) be the first derivative of -o**4/4 - 7*o**3/3 - o**2 - 8*o - 162. Give i(d).
6
Let w(q) = -8*q + 1588*q**2 - 10 - 794*q**2 - 793*q**2. Suppose -8 = -p - 0. Give w(p).
-10
Let r = 691 - 644. Suppose r = -5*y - 3. Let i(k) = -k**3 - 9*k**2 + 11*k + 15. Determine i(y).
5
Let w(n) be the first derivative of n - 23 + n**2 - 4/3*n**3 + 1/4*n**4. Let u = -16 + 19. Calculate w(u).
-2
Let a(h) = -2*h**2 - 3*h - 8. Let x(j) = -j**2 - 2*j - 5. Let r(z) = -21*z + 271. Let w be r(13). Let d(p) = w*a(p) + 3*x(p). What is d(5)?
26
Let z(g) = 5*g**3 - 10*g**2 + 2*g + 1. Let j = 486 + -484. Calculate z(j).
5
Let i(d) = d**3 - 5*d**2. Let p(j) be the second derivative of j**5/10 - j**4 + j**3/6 - 14*j. Let y(k) = 7*i(k) - 3*p(k). Give y(-3).
-9
Let j(g) = -g**3 - 7*g**2 + 13*g + 15. Suppose 57*x + 941 + 315 = -100*x. Give j(x).
-25
Let x(f) = f + 5. Suppose 5*h = -j + 16, -5*j - 3*h + 47 = 11. Let p(l) = -32*l + 188. Let d be p(j). Calculate x(d).
1
Let o(l) = 14*l + 9. Let j(a) = -27*a - 19. Let f(k) = 6*j(k) + 13*o(k). Let q(m) = -799*m - 119. Let w(s) = -119*f(s) - 3*q(s). Calculate w(-1).
-17
Suppose -2*d + 6 = 2. Let p(w) = 11*w**3 - 2*w**d - 21 + 21 + 0*w**2 - w. Suppose -4*q = -8*q - 4. Determine p(q).
-12
Let r(m) = -2*m - 30. Let k(z) = z**3 - 54*z**2 + 149*z + 186. Let j be k(51). Determine r(j).
6
Suppose 5 = t + 3*s, -35*t + 15 = -40*t - 5*s. Let i(u) = u + 35. Determine i(t).
28
Let r(w) = 2*w**2 + 5*w + 2. Let n be r(-3). Let f(d) = d - 7. Let l be f(n). Let y(j) = 3 - 22*j**3 + 23*j**3 - 4*j + 7*j + 2*j**2. Give y(l).
-3
Let d be (2/(-6))/((-2)/(-24)). Let w(x) be the second derivative of 0 + 1/12*x**4 - 1/2*x**2 + 1/2*x**3 - 31*x. Give w(d).
3
Suppose -29*i = -33*i + 8. Let f(o) = o**i + 0 - 34*o**3 - 2 + 37*o**3 - 2*o + 0. Calculate f(-1).
-2
Let f(y) = -y**3 - 3*y**2 + 5*y + 11. Let j be f(-5). Let c(n) = -81*n + 14 - n**2 + 44*n + j*n. Let a be (-6 - (-3 - 0)) + 3. Give c(a).
14
Let l(d) = 3*d**3 - 6*d**2 + 9*d - 2. Let m(a) = -4*a**3 + 12*a**2 - 10*a + 3. Let u(j) = 3*l(j) + 2*m(j). Let v = -191 - -189. Give u(v).
2
Let i(g) = g + 3. Suppose 0 = 647*c - 644*c - 9, 2*a + 4*c = 12. What is i(a)?
3
Let x be 4/(2 + 24/(-10)). Let f(b) = -131*b + 15. Let u(s) = -109*s + 14. Let l(v) = -5*f(v) + 6*u(v). Calculate l(x).
-1
Suppose 3*v - 5*b - 34 = 0, -76*b = -3*v - 79*b + 18. Let l(o) be the first derivative of 0*o**3 + 17/4*o**4 - 1/2*o**2 + 0*o - v. Calculate l(-1).
-16
Suppose 20 = -0*p - 5*p. Let g(y) be the third derivative of y**6/120 + y**5/15 + 4*y**3/3 - 27357*y**2. Determine g(p).
8
Let b(j) = -j**2 + 2 + 1 - j - 1. Let r be ((-920)/100 + 9)/((-2)/(-30)). Determine b(r).
-4
Let g(d) be the third derivative of d**5/60 - 13*d**4/24 + 4*d**3/3 + 27*d**2 + 2*d - 6. Calculate g(12).
-4
Let f(o) = o - 6. Let p = 93 + -103. 